-2*u - 4*b + k = -u. What is the tens digit of u?
3
Let c = 3626 + 1569. What is the tens digit of c?
9
Let x be ((-2)/(-3))/(36/27)*6. Suppose -43 = 5*y - k, x*k - k - 6 = 0. What is the tens digit of ((-6)/20*y)/(27/630)?
5
Let v = 1659 + -1626. Let i = -71 + 143. Let a = i + v. What is the units digit of a?
5
Suppose -5*k + 15987 = 4*j, 2*j - 3*k - 1559 = 6418. What is the units digit of j?
3
Suppose 0 = 118*j - 136*j + 14202. What is the tens digit of j?
8
Let q(p) = 94*p**2 - 130*p - 1365. What is the thousands digit of q(-10)?
9
What is the units digit of 0 + 852 + (2 + (-80)/48)*-18?
6
Let z(k) = -k**3 + 23*k**2 + 28*k - 47. Let d be z(24). Let m = d + -7. Suppose 0 = a + 4*i - 107 - m, 5*i + 140 = a. What is the hundreds digit of a?
1
Suppose -4034 = 9*s - 7*s + 2*j, s - 3*j + 2021 = 0. Let c = s - -2953. What is the tens digit of c?
3
Let h = 2915 - 1225. What is the tens digit of h?
9
Suppose -25*m + 79 + 221 = 0. Suppose -582 = -3*l - a - 3*a, m = 4*a. What is the tens digit of l?
9
Let c = -426 + -467. Let a = 1511 + c. What is the hundreds digit of a?
6
Let c be ((-1)/(-2))/(20013/(-3336) + 6). Suppose 2*q + j = 3163, j - 5303 + c = -3*q. Suppose 5*m = -7*m + q. What is the hundreds digit of m?
1
Let c = 13 + -8. Let x(f) = f**2 + 15*f - 12. What is the units digit of x(c)?
8
Let i = 782 - 1766. Let w be ((-4)/6)/(-2*(-8)/i). Let r = w + 6. What is the tens digit of r?
4
Suppose 1 = -6*s + 109. What is the units digit of (-13955)/(-30) + (-3)/s?
5
Let n(q) = -183*q - 20. Let h = 192 + -197. What is the units digit of n(h)?
5
What is the thousands digit of (-56)/(-40) - ((-1177363)/55 + 6)?
1
Suppose 10*z + 3*b + 4 = 6*z, 4*z = -b + 4. What is the hundreds digit of (0 - 1/z)/(97/(-20952))?
1
Let y = 26 + -22. Suppose -18*x + y = -17*x. Suppose -3*i = -6*n + n + 126, x*n + i - 111 = 0. What is the tens digit of n?
2
Suppose -u + 2*c = -2*c, 2*u - 4*c = 8. Suppose 0*l - 2888 = -u*l. What is the hundreds digit of l?
3
Suppose 137 = 5*n - s - 2*s, 5*n - 141 = 4*s. What is the units digit of 126/(5/n*15/2)?
4
Let b(i) = i**2 - i - 1. Let a be b(1). Suppose 4*o - 5*o - k = -34, -3*o = 2*k - 102. What is the units digit of (1 - 6)/(o/35 + a)?
5
Suppose 7865 = -43*t + 23259. What is the hundreds digit of t?
3
Let x(k) = -k + 25. Let z be x(-5). Suppose 0 = 25*i - z*i + 1375. What is the tens digit of i?
7
Let w = 631 - 99. Suppose -2*d + w = 176. What is the tens digit of d?
7
Suppose 6*g - 4*a = 37240, -5*a - 13563 + 1168 = -2*g. What is the tens digit of g?
1
Suppose -2*r = 3*r + 5. Let m(u) be the first derivative of -39*u**2/2 - 3*u + 108. What is the tens digit of m(r)?
3
Let b(c) = 9619*c**2 + 38*c + 6. What is the tens digit of b(-1)?
8
Let h(f) = -f**2 + 5*f - 40. Let x be h(12). Let z = x + 392. What is the units digit of z?
8
Let l be 10 + (92/(-28) - 6/(-21)). Let m be 5715/20 - (l/4 - 1). Suppose -2*i + 267 = -x, -3*i - 3*x = -m - 111. What is the tens digit of i?
3
Suppose 33 = 13*m - 16*m. Let h(k) = 2*k + 16. Let i be h(m). What is the tens digit of (-370)/i - (-36)/(-54)?
6
Let s(y) = y**3 - 4*y**2 + 6*y - 2. Let m be s(4). Let i = m + 4. Suppose 3*k + i = 3*b - 79, 4*b = k + 128. What is the tens digit of b?
3
Let h(q) = 10*q**2 - 531*q + 168. What is the thousands digit of h(73)?
4
Let u(a) = -6*a - a**3 + 4*a - 19*a - 8 + 18*a**2. Let l be u(17). What is the units digit of (1 + l)*(-6)/5?
0
Suppose 278 - 13 = -5*t. Let x(s) = 2*s**2 - 3*s + 9. Let z be x(6). Let g = z - t. What is the units digit of g?
6
Let g(a) = -a**3 - 17*a**2 + 31*a + 49. Let k = 169 - 188. What is the units digit of g(k)?
2
Let g(y) = 28*y**3 - 15*y**2 + 6*y + 16. What is the thousands digit of g(9)?
9
Suppose 0 = -4*q + 10*q - 12. Suppose -q*b - 6 = 2*a + 2, -5*a - 12 = b. What is the units digit of 6/39 + ((-6444)/(-26) - a)?
0
Suppose 2*y - 8*y = -36. Suppose 2*f - 1838 = -4*t, 0 = y*t - 3*t - 5*f - 1346. What is the hundreds digit of t?
4
Suppose 3*d + 2*d + 925 = 0. Suppose -4*t - 230 = 3*m, 13*t - 17*t = 5*m + 386. Let g = m - d. What is the hundreds digit of g?
1
Let i(b) = b + 2. Let w(m) = 29*m - 51. Let x(z) = -3*i(z) - w(z). What is the tens digit of x(-5)?
0
Let t(w) = 61*w + 3. Let o be t(2). Let s = o - 128. What is the hundreds digit of (3 - 639/(-21))/(s/(-21))?
2
Suppose -6337 = 58*q - 42413. Let l = 325 + q. What is the hundreds digit of l?
9
Suppose -r - 44 = -4*w + 3*r, 0 = -5*w + 2*r + 55. Let f be -10 + (-1 - -11) + 114. Let m = f + w. What is the hundreds digit of m?
1
Suppose -16 = 20*q - 12*q. What is the units digit of (-2366)/26*q/2?
1
Suppose -2*w + 15 - 16 = 3*c, 4*w = -2*c - 6. Suppose -2 = -m + c, 3*m - 3249 = -3*n. What is the units digit of n?
0
Let x be (-2)/(-8)*4*-622. What is the tens digit of x/6*(-5 - 4)?
3
Suppose -1925*p - 544404 = -1939*p. What is the hundreds digit of p?
8
What is the units digit of (13/(-39))/(2/(-49386)) - (0 - -1)?
0
Suppose 0 = 5*f - 5*l - 9215, -3*f + 78*l - 77*l = -5521. What is the hundreds digit of f?
8
What is the ten thousands digit of 305286/22 + (-1836)/(-5049)?
1
Suppose 6*f + 26 = 116. Let x(u) = f - 5 - 10*u + 22*u. What is the tens digit of x(6)?
8
Let t = -19854 - -26692. What is the units digit of t?
8
Let a(c) = -699*c + 15. Let y be a(-6). What is the hundreds digit of -4*(-4)/40 + y/15?
2
Let s(i) = 336*i**2 - 7*i - 13. Let m be s(-2). Let g = -737 + m. What is the tens digit of g?
0
Suppose 0 = 3*q - 2*p - 1, 3 = q - 2*p - 0. Let w = 174 + -179. What is the hundreds digit of 146 + q + 2 + 15/w?
1
Let g(d) = -204*d - 3. Let f be g(-4). Suppose 11*l - 14*l + f = 0. Let k = l + -162. What is the hundreds digit of k?
1
Let w = 724 + -377. Suppose 9*c - w - 445 = 0. What is the units digit of c?
8
Let k(n) = 119*n + 35*n**2 - 31*n**2 - 110*n + 20. What is the hundreds digit of k(-7)?
1
Let n be (-2)/(-4)*-8 + 269. Let h = 602 - n. What is the units digit of h?
7
What is the tens digit of (-8 - -12) + (23211 - -54)?
6
Let z(i) = 9*i**2 - 170*i - 47. What is the tens digit of z(-21)?
9
Suppose -6*p + 9*p - 576 = 0. Suppose a - 5*n - 110 = 0, 2*a - p = -9*n + 5*n. What is the tens digit of a?
0
Let x(a) = -626*a + 479. What is the tens digit of x(-12)?
9
Suppose -111510 = 62*i - 464724. What is the hundreds digit of i?
6
Let n = -18017 + 91513. What is the hundreds digit of n?
4
What is the hundreds digit of (-15)/10 - 685650/(-84)?
1
Suppose 51*b - 46*b + 57280 = 3*g, -2*g - 3*b = -38231. What is the ten thousands digit of g?
1
Let d = 128 - 123. Suppose q + 31 = 5*c, -5*q - 5*c = d - 0. Let z(y) = 2*y**2 - 11*y - 27. What is the hundreds digit of z(q)?
1
Let d = -3514 + 3788. What is the units digit of d?
4
Suppose 43*p = 2*f + 50*p - 108735, -3*f + 163065 = 3*p. What is the hundreds digit of f?
3
Let i = 12090 - -11450. What is the tens digit of i?
4
Suppose -5*f + 5*w + 210130 = 0, -64558 = -4*f - 2*w + 103576. What is the hundreds digit of f?
0
What is the ten thousands digit of 12703 + (-14 - (-4 + -5))?
1
Let w(u) = 3*u**2 - 6*u. Let a be w(2). Suppose -2579 = -4*r - 4*y + 561, a = -r - 4*y + 797. What is the hundreds digit of r?
7
Suppose 9*w - 2535 = 4*w + 4*b, -w - 2*b + 521 = 0. Suppose 0 = -j - 2*j - 2*a + w, 3*a + 670 = 4*j. What is the units digit of j?
9
Suppose -2*n - 12193 + 3173 = 0. What is the tens digit of n/(-6) - 1/((-12)/(-8))?
5
Suppose u - 458 + 52 = 0. Suppose 2*i + 13 = 3*x, 17 = -4*x + 7*x - 4*i. Suppose -x*q + 603 = d, 2*q - d + 3*d - u = 0. What is the tens digit of q?
0
Suppose 3*a - 44 = -5*b + b, 5*b - 3*a = 55. Suppose 0 = b*p + 6*p - 27489. What is the units digit of p?
7
Let m be ((320/(-12))/5)/((-4)/6). Suppose f - 1296 = -m*f. What is the hundreds digit of f?
1
Let f = 392 - 392. Suppose f = -u - 1, -5*p + 1940 = -p + 4*u. What is the tens digit of p?
8
Suppose 2*w + 4*l + 0*l - 66 = 0, -w + 5*l = -33. Suppose -u + 9 = -4*u, w = 4*s + u. What is the tens digit of 1*((-95)/(-4) - s/12)?
2
Suppose -18*y = -14*y + 4*s + 32, -4*y + s - 12 = 0. What is the tens digit of (1 - y) + 608/8?
8
Let t(u) = -7*u - 70. Let h be t(-10). Suppose -3*y = -2*k + k + 279, -4*k + 5*y + 1081 = h. What is the tens digit of k?
6
Let m(t) = t**2 - 16. Let r be m(5). Let o be ((-3)/6)/(r/6 - 2). What is the units digit of (o - -3*33)*12/30?
0
Let x = -497 +